-10)?
13
Evaluate (-29 - -10) + 15 - (0 + -2) - 7.
-9
What is the value of -15 + -9 + 2 + 4?
-18
-13 + -1 + 904 + -902
-12
0 + -1 + (-1 - -6 - 8)
-4
37 - (21 - (-11 + 12))
17
12 + -13 + 20 - 8
11
Evaluate -1 + -12 + -14 - -39.
12
What is the value of -6 + 15 + (0 - -2)?
11
Evaluate (70 - 17 - 48) + (5 - (0 - 2)).
12
-31 + 19 - -18 - 16
-10
What is the value of -1 + -8 - (15 - 17 - -9)?
-16
What is (169 - 146) + 0 + -7?
16
What is 0 - (1 - (5 + 6)) - 10?
0
What is the value of 2 - -1 - (0 + (-12 - -18)) - 1?
-4
What is the value of -3 - (11 + -4 + (16 - 11))?
-15
49 + (34 - 40) + -21
22
What is 2 + 15 + (53 - 65) - (0 - 9)?
14
(-8 - (4 - (-2 - -13))) + -13
-14
What is the value of (20 - -2) + (21 - (-23 + 58))?
8
Evaluate (18 - 29) + 6 - (-14 + 0).
9
Calculate (103 - 106) + (2 - 1) + 14.
12
What is -17 + 18 - (-9 + 0)?
10
14 + -25 + 17 + -7 - (11 + 1)
-13
What is 5 - (-5 - (1 - 2 - (-10 + 42)))?
-23
Calculate -15 + 10 + -19 + 5.
-19
What is the value of -5 - (-11 + 14) - -1 - -3?
-4
-6 + -7 - (-5 + (-3 - (-2 + -1)))
-8
Evaluate 5 - (-3 + 14 + -5) - -30.
29
What is (54 - 10) + (-25 - 10)?
9
What is the value of (-2 + 3 - 17) + 18?
2
Calculate 0 + (-4 - -6) + -10.
-8
What is 2 - (3 + -19) - (9 + -3)?
12
(12 - -3) + (-3 - 2) + -5
5
Evaluate 7 + -3 + (-11 - (-10 - -2)) + -5.
-4
Calculate (-9 - -30) + (85 - 80 - (5 + 1)).
20
Evaluate -23 + (21 - 6) + 9.
1
Calculate 24 + 3 - (2 + (-12 - -16) - -3).
18
What is -5 + -1 + (-24 - -51) + -20?
1
What is (8 - 5 - 5) + -13 - 12?
-27
-5 + (-13 - -3) - -3
-12
Calculate 5 + (-5 - (5 + (-8 - -5))).
-2
Calculate 27 - (6 - -2 - (-2 + (11 - 10))).
18
What is -2 + 7 + (8 - 11) + -3 + 0?
-1
Evaluate (1 - -16) + (94 - 118).
-7
-16 - (-19 - (-30 + 13 + 24))
10
Calculate (-19 - -4) + -4 + -4 + 1.
-22
Evaluate (27 - 11 - 7) + -13 + (3 - 2).
-3
Calculate (13 + -6 - 3) + (-11 - (22 + -3)).
-26
61 + 40 + (-98 - -32)
35
What is 3 + (-4 - (2 + -9)) - (-3 + 0)?
9
What is -17 + (-10 - (-21 + (-3 - -10) + -4))?
-9
What is the value of (423 - 429) + -2 + 0?
-8
Evaluate -13 + (4 - (-2 + 5) - (3 + -4)).
-11
What is 2 + (-20 - (-26 - -8)) - (-2 + -24)?
26
Calculate -1 + (-3 + 2 - -8) + (-52 - -28).
-18
Calculate 2 + (7 - (6 + 10)) + -10.
-17
13 + 1 - (697 + -674)
-9
Evaluate (4 + -3 - 3) + -5 + 0 + -6.
-13
What is the value of 18 + (-11 + 24 - 40)?
-9
Calculate 45 + -32 + 1 - (35 - 3).
-18
What is 0 + 28 + (102 + -66 - 44)?
20
Evaluate (-1295 - -1265) + 7 + -1 + 1.
-23
What is 0 - (0 + -8 + 9 - -6)?
-7
Evaluate -163 + 166 - (0 - 2).
5
Evaluate -9 + -2 - (30 - 36).
-5
14 - (11 + -6 - -8) - (0 + -11)
12
Evaluate -18 + -1 + (16 - (-17 - -24)).
-10
Evaluate -1 + 6 + -37 + 6 - (-31 - -28).
-23
What is -12 + 0 + -42 + 55?
1
Calculate -1 + 2 - (53 + -53).
1
What is the value of 1 + 5 + (-4 - 1)?
1
What is the value of 158 - 174 - (-2 - 8)?
-6
What is the value of -7 + -5 + (-19 - -10 - (1 + -6))?
-16
Calculate -13 + 5 + -1 + 1 + -7 + 30.
15
Calculate -31 - (5 + 21 + -38).
-19
-24 - (13 + (-6 - 20))
-11
What is 2 - -10 - (0 - (-2 + 4 - 2))?
12
What is 4 + (-8 - 2) + 10 + -1 + -5?
-2
Calculate 3 + -5 + -1 + -162 + 148.
-17
What is (-12 - -7 - 6) + (2 - -5)?
-4
What is -6 + (0 - -3) + -10 - (65 - 64)?
-14
What is (-15 - -9) + 0 + 0 + (-3 - -1)?
-8
Calculate -16 + -25 + 20 + 30.
9
Calculate 11 - (-1 + 7 - -3).
2
4 + (0 - -49) - 36
17
What is -11 + 23 - 5 - (-4 - -10)?
1
What is the value of 1 - 1 - -1 - -7 - (-5675 + 5685)?
-2
What is the value of 10 + 0 + 2 - (-15 + 62 + -3)?
-32
What is (0 - 17) + -1 + -60 + 106?
28
Evaluate 1 + -2 + 1 + 10 - 0.
10
Evaluate -281 + 268 + (0 - (2 + 3 + 1)).
-19
0 + -21 - (-44 - -28)
-5
Evaluate -14 + 9 + (-12 - -17) - (0 - 1).
1
Calculate (0 + 6 - 6 - 8) + 4.
-4
What is the value of -29 - 4 - (-108 + 34)?
41
What is 29 + -22 + -12 - (5 - 36)?
26
What is 0 - 8 - (9 + 16 + -27) - -4?
-2
Calculate 1 + (-7 - -4 - -7) + 7.
12
Evaluate 0 + (-7 - (1 + -5) - -10) - 17.
-10
-1 + -6 + (-46 - -31) + 28
6
-2 - (-42 + 15 + 9)
16
What is 9 - (6 + 4) - (8 + -5)?
-4
Evaluate -9 + 0 + -5 + 1 + 6 + 3.
-4
What is (-10 + 9 + 2 - -5) + (-16 - -1)?
-9
What is 6 + 12 + -30 - 12 - -9?
-15
What is 23 + 0 + (31 + -66 - -33)?
21
Evaluate -9 - (-8 + 11 + -2 + 0 + 0).
-10
Calculate 16 - (-27 + (-24 - -59) - (-1 + 1)).
8
What is -1 - (1 - (0 - 4) - (-640 - -676))?
30
-6 - -8 - (1 + -7 + (5 - -3))
0
Calculate 13 + (-4 - (-3 + 2 + (-2 - -3))).
9
Evaluate -1 + 10 + 0 - (-56 - -38) - 7.
20
What is the value of (17 - 5 - 7) + (-10 - 0 - -4)?
-1
Calculate 1 + (6 + (-14 - -7) - (0 + -3)).
3
Evaluate -1 + -6 + 3 + 4 + -1 - -5.
4
Calculate -3 - (-1 + -17 + 6 + -10 + 7).
12
What is the value of 1 - -35 - (5 + (8 - 15)) - 12?
26
Evaluate 4 - (5 + 8 + -8 + 7) - -9.
1
What is the value of 24 - ((-2 - 4) + -129 + 135)?
24
Calculate 34 - (18 - (-12 - -33) - (1 - 2)).
36
-2 - (20 + -9 + -24 + (0 - 0))
11
What is the value of -1 + 6 + -2 - (17 - 5 - 13)?
4
What is -7 + 9 + 1 + (2 - 4 - 1)?
0
Calculate (4 + -11 - (2 + 0)) + -1 + 4.
-6
What is the value of 20 + 15 + -53 - (-3 + -7)?
-8
Calculate -15 + 13 - (-1 + -16).
15
Evaluate -19 - (-19 - -9 - -1).
-10
Calculate (14 - (13 + 17)) + (0 + 0 - -3).
-13
3 - 4 - ((-17 - -6) + 9)
1
What is -5 + 0 + (5 - -8) - (-1 - 2)?
11
What is the value of -722 + 750 - (-2 + 14)?
16
Calculate (37 - 20) + 2 - (10 + -3 - 0).
12
What is the value of 5 - (5 + -1 + 1 + 7)?
-7
5 + 7 - 8 - 17
-13
(152 - 154 - (0 - 15)) + (2 - 4)
11
Evaluate (29 - (2 - -16) - 35) + (0 - -3).
-21
What is the value of (-28 + 13 - -19 - 17) + 26?
13
What is the value of 1 + -1 + 4 - (-508 - -509) - 9?
-6
Calculate -176 + 243 + -1 + -36.
30
Calculate 2 - 1 - (2 + (-18 + 5 - -9)).
3
What is -1 + -8 + -9 + 9 + 20 + -25?
-14
Evaluate 33 - (32 + 9) - -4.
-4
(7 - -2) + (19 + -21 - (1 + 14))
-8
What is the value of 16 - (39 - 5 - 5)?
-13
What is the value of 6 - (-5 + 8 + -11 + 5)?
9
What is 6 + (13 - 18) + 9?
10
((13 - 15) + 3 + -11 - -7) + -18
-21
-16 - -24 - ((-4 + 8 - 11) + 2)
13
Calculate 2 + (-5 - 0) - (-28 - -16 - -8).
1
Calculate -5 + 0 + 1 + 4 + -3 + -4.
-7
What is the value of -8 - -3 - (-3 - -13 - 8)?
-7
What is (-24 - 17 - -22) + 2 + -14?
-31
What is (-31 - -1) + 7 + -2?
-25
What is -3 + (-4 - 7 - -10) + 11?
7
30 - 12 - 18 - 3
-3
What is -20 - (27 + -23 - 12)?
-12
What is the value of 11 - ((35 - -46) + -37)?
-33
What is the value of 5 + -16 + 36 + -21?
4
Calculate 12 + (-3 - (2 + 5 + -28 + 9)).
21
Calculate 20 + -11 + -10 + 12.
11
What is (-1 - -9) + (3 - 13 - -10) - -17?
25
What is -14 - (-34 + (10 - -3)) - 22?
-15
What is -26 - (-21 + -16 + 22 + 5)?
-16
Calculate 10 - (4 + -1) - (13 - 1 - 17).
12
0 - (2 + (-1 - (1 + 5)) + 15)
-10
Calculate (-1 - (0 - 3)) + (5 - (58 - 50)).
-1
What is 0 + (5 - 20 - -9)?
-6
Evaluate (2 - -7) + -10 + 5 + 5.
9
(-3 - -8 - -27 - 7 - 4) + -10
11
39 - 49 - (2 - -4)
-16
What is (35 + (-14 - 5) - -2) + -8 + 0?
10
-12 - (3 + 12) - -13 - 5
-19
What is the value of -21 - -13 - 4 - (-8 + -4)?
0
Evaluate -8 + 6 + 10 + -9 + 6 - 12.
-7
What is (-37 - (7 - 6)) + 3 + 12?
-23
Calculate 23 + -6 - (-3 - -15) - (22 - 1).
-16
What is 22 + -30 - (-6 + 4 - 13)?
7
Calculate 4 - 2 - (-94 + 78).
18
What is -1 + -6 - (841 - 868)?
20
What is the value of -1 + 0 + (12 + -6 - (-1 + 2))?
4
Calculate 7 - (1 + 9 - (340 - 335)).
2
Calculate (1 - -12) + 100 + -115.
-2
Evaluate -24 + -16 + 23 + 6 + 1 + 7.
-3
(-23 - (-28 + 39)) + 5
-29
What is the value of 7 + (19 + 12 - 26)?
12
1 + -10 + (845 - 861)
-25
Calculate (2 + -1 - -1) + -21 + -16 + 34.
-1
What is the value of 63 + -56 - (15 - 5)?
-3
What is the value of -32 + (10 - -10) - 0?
-12
What is (7 - -1) + (0 - (1 - 1)) - 1?
7
Evaluate -1 - -20 - (-8 + -9 + 36 + -13).
13
Calculate -3 + -3 + 6 + -48 + 66.
18
Calculate 40 - (17 - -10) - 15.
-2
517 - 552 - (0 + -18)
-17
What is -2 - 46 - (-1103 + 1077)?
-22
What is 18 + 5 + (-11 + 22 - 2)?
32
-7 + 4 + (7 + -29 - (-20 - -14))
-19
What is -6 + (5 - 1) + 4 + 0 + 6?
8
What is the value of 16 - (4 - -20) - 10?
-18
Evaluate ((-1 - 31) + -14 - -10) + 5.
-31
What is -19 + 16 - (9 + -6 + (-3 - -1))?
-4
Calculate (-20 - (-4 + -2 - 8)) + -4 + -1.
-11
-105 - -95 - (-11 - -19)
-18
Evaluate (9 + -19 + 17 - (-13 - 0)) + 6.
26
Calculate -11 + 0 - (-9 - -25) - (-1 - 5).
-21
Evaluate 0 + 14 - (-93 - -89 - (2 + -14)).
6
What is 1 + -5 + 11 + -3 + -9?
-5
What is 7 + 